{"id":201,"date":"2020-06-20T13:28:52","date_gmt":"2020-06-20T13:28:52","guid":{"rendered":"https:\/\/www.joyeriaolaz.es\/?page_id=201"},"modified":"2023-02-04T08:14:56","modified_gmt":"2023-02-04T08:14:56","slug":"restauracion-de-joyas-antiguas","status":"publish","type":"page","link":"https:\/\/www.joyeriaolaz.es\/?page_id=201","title":{"rendered":"Restauraci\u00f3n de joyas antig\u00fcas"},"content":{"rendered":"\t\t<div data-elementor-type=\"wp-page\" data-elementor-id=\"201\" class=\"elementor elementor-201\">\n\t\t\t\t\t\t<section class=\"elementor-section elementor-top-section elementor-element elementor-element-5cba116 elementor-section-boxed elementor-section-height-default elementor-section-height-default\" data-id=\"5cba116\" data-element_type=\"section\" data-e-type=\"section\">\n\t\t\t\t\t\t<div class=\"elementor-container elementor-column-gap-default\">\n\t\t\t\t\t<div class=\"elementor-column elementor-col-100 elementor-top-column elementor-element elementor-element-91c1a93\" data-id=\"91c1a93\" data-element_type=\"column\" data-e-type=\"column\">\n\t\t\t<div class=\"elementor-widget-wrap elementor-element-populated\">\n\t\t\t\t\t\t<div class=\"elementor-element elementor-element-a46ab90 elementor-widget elementor-widget-spacer\" data-id=\"a46ab90\" data-element_type=\"widget\" data-e-type=\"widget\" data-widget_type=\"spacer.default\">\n\t\t\t\t<div class=\"elementor-widget-container\">\n\t\t\t\t\t\t\t<div class=\"elementor-spacer\">\n\t\t\t<div class=\"elementor-spacer-inner\"><\/div>\n\t\t<\/div>\n\t\t\t\t\t\t<\/div>\n\t\t\t\t<\/div>\n\t\t\t\t\t<\/div>\n\t\t<\/div>\n\t\t\t\t\t<\/div>\n\t\t<\/section>\n\t\t\t\t<section class=\"elementor-section elementor-top-section elementor-element elementor-element-3c9f5e1 elementor-section-boxed elementor-section-height-default elementor-section-height-default\" data-id=\"3c9f5e1\" data-element_type=\"section\" data-e-type=\"section\">\n\t\t\t\t\t\t<div class=\"elementor-container elementor-column-gap-default\">\n\t\t\t\t\t<div class=\"elementor-column elementor-col-50 elementor-top-column elementor-element elementor-element-bfdc052\" data-id=\"bfdc052\" data-element_type=\"column\" data-e-type=\"column\">\n\t\t\t<div class=\"elementor-widget-wrap elementor-element-populated\">\n\t\t\t\t\t\t\t<\/div>\n\t\t<\/div>\n\t\t\t\t<div class=\"elementor-column elementor-col-50 elementor-top-column elementor-element elementor-element-49ecbf9\" data-id=\"49ecbf9\" data-element_type=\"column\" data-e-type=\"column\">\n\t\t\t<div class=\"elementor-widget-wrap elementor-element-populated\">\n\t\t\t\t\t\t<div class=\"elementor-element elementor-element-0b1a2d1 elementor-widget elementor-widget-heading\" data-id=\"0b1a2d1\" data-element_type=\"widget\" data-e-type=\"widget\" data-widget_type=\"heading.default\">\n\t\t\t\t<div class=\"elementor-widget-container\">\n\t\t\t\t\t<h3 class=\"elementor-heading-title elementor-size-large\">Restauraci\u00f3n de joyas antig\u00fcas<\/h3>\t\t\t\t<\/div>\n\t\t\t\t<\/div>\n\t\t\t\t<div class=\"elementor-element elementor-element-1ff7ed2 elementor-widget elementor-widget-text-editor\" data-id=\"1ff7ed2\" data-element_type=\"widget\" data-e-type=\"widget\" data-widget_type=\"text-editor.default\">\n\t\t\t\t<div class=\"elementor-widget-container\">\n\t\t\t\t\t\t\t\t\t<div class=\"flex-1 overflow-hidden\"><div class=\"react-scroll-to-bottom--css-gsczh-79elbk h-full dark:bg-gray-800\"><div class=\"react-scroll-to-bottom--css-gsczh-1n7m0yu\"><div class=\"flex flex-col items-center text-sm h-full dark:bg-gray-800\"><div class=\"w-full border-b border-black\/10 dark:border-gray-900\/50 text-gray-800 dark:text-gray-100 group bg-gray-50 dark:bg-[#444654]\"><div class=\"text-base gap-4 md:gap-6 m-auto md:max-w-2xl lg:max-w-2xl xl:max-w-3xl p-4 md:py-6 flex lg:px-0\"><div class=\"relative flex w-[calc(100%-50px)] flex-col gap-1 md:gap-3 lg:w-[calc(100%-115px)]\"><div class=\"flex flex-grow flex-col gap-3\"><div class=\"min-h-[20px] flex flex-col items-start gap-4 whitespace-pre-wrap\"><div class=\"markdown prose w-full break-words dark:prose-invert light\"><p><span style=\"font-size: 16px;\">Devolvemos la brillantez a tus joyas con nuestro servicio de reparaci\u00f3n. Respetamos la importancia sentimental y el valor hist\u00f3rico de tus joyas y trabajamos cuidadosamente para restaurar su esplendor original. \u00a1Preservamos tus recuerdos m\u00e1s preciados y les damos un nuevo brillo con nuestro servicio de reparaci\u00f3n de joyas!<\/span><\/p><p>El proceso de restauraci\u00f3n puede incluir reparaciones de soldadura, limpieza y pulido para devolverle su brillo original, y en algunos casos, reemplazo de piedras o piezas perdidas. Es importante tener en cuenta que la restauraci\u00f3n no debe alterar la integridad original de la pieza, por lo que se requiere un enfoque cuidadoso y conservador en la t\u00e9cnica y los materiales utilizados.<\/p><p>Adem\u00e1s, es crucial considerar la seguridad y preservaci\u00f3n de las joyas antiguas durante el proceso de restauraci\u00f3n. Por ejemplo, algunos materiales antiguos pueden ser t\u00f3xicos o fr\u00e1giles, y deben ser manipulados con precauci\u00f3n. Tambi\u00e9n es necesario tener en cuenta cualquier desgaste o deterioro natural debido al tiempo y el uso prolongado, y trabajar en colaboraci\u00f3n con los propietarios de las joyas.<\/p><\/div><\/div><\/div><\/div><\/div><\/div><\/div><\/div><\/div><\/div>\t\t\t\t\t\t\t\t<\/div>\n\t\t\t\t<\/div>\n\t\t\t\t\t<\/div>\n\t\t<\/div>\n\t\t\t\t\t<\/div>\n\t\t<\/section>\n\t\t\t\t<section class=\"elementor-section elementor-top-section elementor-element elementor-element-9af6da8 elementor-section-boxed elementor-section-height-default elementor-section-height-default\" data-id=\"9af6da8\" data-element_type=\"section\" data-e-type=\"section\">\n\t\t\t\t\t\t<div class=\"elementor-container elementor-column-gap-default\">\n\t\t\t\t\t<div class=\"elementor-column elementor-col-100 elementor-top-column elementor-element elementor-element-2b0fef9\" data-id=\"2b0fef9\" data-element_type=\"column\" data-e-type=\"column\">\n\t\t\t<div class=\"elementor-widget-wrap elementor-element-populated\">\n\t\t\t\t\t\t<div class=\"elementor-element elementor-element-5e02aa1 elementor-widget elementor-widget-spacer\" data-id=\"5e02aa1\" data-element_type=\"widget\" data-e-type=\"widget\" data-widget_type=\"spacer.default\">\n\t\t\t\t<div class=\"elementor-widget-container\">\n\t\t\t\t\t\t\t<div class=\"elementor-spacer\">\n\t\t\t<div class=\"elementor-spacer-inner\"><\/div>\n\t\t<\/div>\n\t\t\t\t\t\t<\/div>\n\t\t\t\t<\/div>\n\t\t\t\t\t<\/div>\n\t\t<\/div>\n\t\t\t\t\t<\/div>\n\t\t<\/section>\n\t\t\t\t<\/div>\n\t\t","protected":false},"excerpt":{"rendered":"<p>Restauraci\u00f3n de joyas antig\u00fcas Devolvemos la brillantez a tus joyas con nuestro servicio de reparaci\u00f3n. Respetamos la importancia sentimental y el valor hist\u00f3rico de tus joyas y trabajamos cuidadosamente para restaurar su esplendor original. \u00a1Preservamos tus recuerdos m\u00e1s preciados y les damos un nuevo brillo con nuestro servicio de reparaci\u00f3n de joyas! El proceso de [&hellip;]<\/p>\n","protected":false},"author":1,"featured_media":0,"parent":0,"menu_order":0,"comment_status":"closed","ping_status":"closed","template":"","meta":{"_monsterinsights_skip_tracking":false,"_monsterinsights_sitenote_active":false,"_monsterinsights_sitenote_note":"","_monsterinsights_sitenote_category":0,"site-sidebar-layout":"no-sidebar","site-content-layout":"page-builder","ast-site-content-layout":"default","site-content-style":"default","site-sidebar-style":"default","ast-global-header-display":"","ast-banner-title-visibility":"","ast-main-header-display":"","ast-hfb-above-header-display":"","ast-hfb-below-header-display":"","ast-hfb-mobile-header-display":"","site-post-title":"disabled","ast-breadcrumbs-content":"","ast-featured-img":"disabled","footer-sml-layout":"","ast-disable-related-posts":"","theme-transparent-header-meta":"default","adv-header-id-meta":"","stick-header-meta":"","header-above-stick-meta":"","header-main-stick-meta":"","header-below-stick-meta":"","astra-migrate-meta-layouts":"default","ast-page-background-enabled":"default","ast-page-background-meta":{"desktop":{"background-color":"","background-image":"","background-repeat":"repeat","background-position":"center center","background-size":"auto","background-attachment":"scroll","background-type":"","background-media":"","overlay-type":"","overlay-color":"","overlay-opacity":"","overlay-gradient":""},"tablet":{"background-color":"","background-image":"","background-repeat":"repeat","background-position":"center center","background-size":"auto","background-attachment":"scroll","background-type":"","background-media":"","overlay-type":"","overlay-color":"","overlay-opacity":"","overlay-gradient":""},"mobile":{"background-color":"","background-image":"","background-repeat":"repeat","background-position":"center center","background-size":"auto","background-attachment":"scroll","background-type":"","background-media":"","overlay-type":"","overlay-color":"","overlay-opacity":"","overlay-gradient":""}},"ast-content-background-meta":{"desktop":{"background-color":"var(--ast-global-color-5)","background-image":"","background-repeat":"repeat","background-position":"center center","background-size":"auto","background-attachment":"scroll","background-type":"","background-media":"","overlay-type":"","overlay-color":"","overlay-opacity":"","overlay-gradient":""},"tablet":{"background-color":"var(--ast-global-color-5)","background-image":"","background-repeat":"repeat","background-position":"center center","background-size":"auto","background-attachment":"scroll","background-type":"","background-media":"","overlay-type":"","overlay-color":"","overlay-opacity":"","overlay-gradient":""},"mobile":{"background-color":"var(--ast-global-color-5)","background-image":"","background-repeat":"repeat","background-position":"center center","background-size":"auto","background-attachment":"scroll","background-type":"","background-media":"","overlay-type":"","overlay-color":"","overlay-opacity":"","overlay-gradient":""}},"footnotes":""},"class_list":["post-201","page","type-page","status-publish","hentry"],"yoast_head":"<!-- This site is optimized with the Yoast SEO plugin v27.4 - https:\/\/yoast.com\/product\/yoast-seo-wordpress\/ -->\n<title>Restauraci\u00f3n de joyas antig\u00fcas -<\/title>\n<meta name=\"robots\" content=\"index, follow, max-snippet:-1, max-image-preview:large, max-video-preview:-1\" \/>\n<link rel=\"canonical\" href=\"https:\/\/www.joyeriaolaz.es\/?page_id=201\" \/>\n<meta property=\"og:locale\" content=\"es_ES\" \/>\n<meta property=\"og:type\" content=\"article\" \/>\n<meta property=\"og:title\" content=\"Restauraci\u00f3n de joyas antig\u00fcas -\" \/>\n<meta property=\"og:description\" content=\"Restauraci\u00f3n de joyas antig\u00fcas Devolvemos la brillantez a tus joyas con nuestro servicio de reparaci\u00f3n. Respetamos la importancia sentimental y el valor hist\u00f3rico de tus joyas y trabajamos cuidadosamente para restaurar su esplendor original. \u00a1Preservamos tus recuerdos m\u00e1s preciados y les damos un nuevo brillo con nuestro servicio de reparaci\u00f3n de joyas! El proceso de [&hellip;]\" \/>\n<meta property=\"og:url\" content=\"https:\/\/www.joyeriaolaz.es\/?page_id=201\" \/>\n<meta property=\"article:modified_time\" content=\"2023-02-04T08:14:56+00:00\" \/>\n<meta name=\"twitter:card\" content=\"summary_large_image\" \/>\n<meta name=\"twitter:label1\" content=\"Tiempo de lectura\" \/>\n\t<meta name=\"twitter:data1\" content=\"1 minuto\" \/>\n<script type=\"application\/ld+json\" class=\"yoast-schema-graph\">{\"@context\":\"https:\\\/\\\/schema.org\",\"@graph\":[{\"@type\":\"WebPage\",\"@id\":\"https:\\\/\\\/www.joyeriaolaz.es\\\/?page_id=201\",\"url\":\"https:\\\/\\\/www.joyeriaolaz.es\\\/?page_id=201\",\"name\":\"Restauraci\u00f3n de joyas antig\u00fcas -\",\"isPartOf\":{\"@id\":\"https:\\\/\\\/www.joyeriaolaz.es\\\/#website\"},\"datePublished\":\"2020-06-20T13:28:52+00:00\",\"dateModified\":\"2023-02-04T08:14:56+00:00\",\"breadcrumb\":{\"@id\":\"https:\\\/\\\/www.joyeriaolaz.es\\\/?page_id=201#breadcrumb\"},\"inLanguage\":\"es\",\"potentialAction\":[{\"@type\":\"ReadAction\",\"target\":[\"https:\\\/\\\/www.joyeriaolaz.es\\\/?page_id=201\"]}]},{\"@type\":\"BreadcrumbList\",\"@id\":\"https:\\\/\\\/www.joyeriaolaz.es\\\/?page_id=201#breadcrumb\",\"itemListElement\":[{\"@type\":\"ListItem\",\"position\":1,\"name\":\"Portada\",\"item\":\"https:\\\/\\\/www.joyeriaolaz.es\\\/\"},{\"@type\":\"ListItem\",\"position\":2,\"name\":\"Restauraci\u00f3n de joyas antig\u00fcas\"}]},{\"@type\":\"WebSite\",\"@id\":\"https:\\\/\\\/www.joyeriaolaz.es\\\/#website\",\"url\":\"https:\\\/\\\/www.joyeriaolaz.es\\\/\",\"name\":\"\",\"description\":\"\",\"potentialAction\":[{\"@type\":\"SearchAction\",\"target\":{\"@type\":\"EntryPoint\",\"urlTemplate\":\"https:\\\/\\\/www.joyeriaolaz.es\\\/?s={search_term_string}\"},\"query-input\":{\"@type\":\"PropertyValueSpecification\",\"valueRequired\":true,\"valueName\":\"search_term_string\"}}],\"inLanguage\":\"es\"}]}<\/script>\n<!-- \/ Yoast SEO plugin. -->","yoast_head_json":{"title":"Restauraci\u00f3n de joyas antig\u00fcas -","robots":{"index":"index","follow":"follow","max-snippet":"max-snippet:-1","max-image-preview":"max-image-preview:large","max-video-preview":"max-video-preview:-1"},"canonical":"https:\/\/www.joyeriaolaz.es\/?page_id=201","og_locale":"es_ES","og_type":"article","og_title":"Restauraci\u00f3n de joyas antig\u00fcas -","og_description":"Restauraci\u00f3n de joyas antig\u00fcas Devolvemos la brillantez a tus joyas con nuestro servicio de reparaci\u00f3n. Respetamos la importancia sentimental y el valor hist\u00f3rico de tus joyas y trabajamos cuidadosamente para restaurar su esplendor original. \u00a1Preservamos tus recuerdos m\u00e1s preciados y les damos un nuevo brillo con nuestro servicio de reparaci\u00f3n de joyas! El proceso de [&hellip;]","og_url":"https:\/\/www.joyeriaolaz.es\/?page_id=201","article_modified_time":"2023-02-04T08:14:56+00:00","twitter_card":"summary_large_image","twitter_misc":{"Tiempo de lectura":"1 minuto"},"schema":{"@context":"https:\/\/schema.org","@graph":[{"@type":"WebPage","@id":"https:\/\/www.joyeriaolaz.es\/?page_id=201","url":"https:\/\/www.joyeriaolaz.es\/?page_id=201","name":"Restauraci\u00f3n de joyas antig\u00fcas -","isPartOf":{"@id":"https:\/\/www.joyeriaolaz.es\/#website"},"datePublished":"2020-06-20T13:28:52+00:00","dateModified":"2023-02-04T08:14:56+00:00","breadcrumb":{"@id":"https:\/\/www.joyeriaolaz.es\/?page_id=201#breadcrumb"},"inLanguage":"es","potentialAction":[{"@type":"ReadAction","target":["https:\/\/www.joyeriaolaz.es\/?page_id=201"]}]},{"@type":"BreadcrumbList","@id":"https:\/\/www.joyeriaolaz.es\/?page_id=201#breadcrumb","itemListElement":[{"@type":"ListItem","position":1,"name":"Portada","item":"https:\/\/www.joyeriaolaz.es\/"},{"@type":"ListItem","position":2,"name":"Restauraci\u00f3n de joyas antig\u00fcas"}]},{"@type":"WebSite","@id":"https:\/\/www.joyeriaolaz.es\/#website","url":"https:\/\/www.joyeriaolaz.es\/","name":"","description":"","potentialAction":[{"@type":"SearchAction","target":{"@type":"EntryPoint","urlTemplate":"https:\/\/www.joyeriaolaz.es\/?s={search_term_string}"},"query-input":{"@type":"PropertyValueSpecification","valueRequired":true,"valueName":"search_term_string"}}],"inLanguage":"es"}]}},"_links":{"self":[{"href":"https:\/\/www.joyeriaolaz.es\/index.php?rest_route=\/wp\/v2\/pages\/201","targetHints":{"allow":["GET"]}}],"collection":[{"href":"https:\/\/www.joyeriaolaz.es\/index.php?rest_route=\/wp\/v2\/pages"}],"about":[{"href":"https:\/\/www.joyeriaolaz.es\/index.php?rest_route=\/wp\/v2\/types\/page"}],"author":[{"embeddable":true,"href":"https:\/\/www.joyeriaolaz.es\/index.php?rest_route=\/wp\/v2\/users\/1"}],"replies":[{"embeddable":true,"href":"https:\/\/www.joyeriaolaz.es\/index.php?rest_route=%2Fwp%2Fv2%2Fcomments&post=201"}],"version-history":[{"count":34,"href":"https:\/\/www.joyeriaolaz.es\/index.php?rest_route=\/wp\/v2\/pages\/201\/revisions"}],"predecessor-version":[{"id":1549,"href":"https:\/\/www.joyeriaolaz.es\/index.php?rest_route=\/wp\/v2\/pages\/201\/revisions\/1549"}],"wp:attachment":[{"href":"https:\/\/www.joyeriaolaz.es\/index.php?rest_route=%2Fwp%2Fv2%2Fmedia&parent=201"}],"curies":[{"name":"wp","href":"https:\/\/api.w.org\/{rel}","templated":true}]}}